= -4*w. What is the tens digit of r?
3
Let b be 50/(-18) + 3 + 100/36. Suppose -1171 = b*o - 5*o - d, o + 2*d - 590 = 0. Suppose z + 2*g = 6*g + 199, g - o = -3*z. What is the hundreds digit of z?
1
Suppose -6*h = -2*h + 108. Let n(p) = -p**2 + 46*p - 180. Let w be n(43). Let c = h - w. What is the tens digit of c?
2
Let h = -66 - -70. Suppose -o - 2 = h. What is the units digit of 7338/66 + o/33?
1
Let r be (-4 + -3)*((-80)/(-28) + -2). Let g be 1/((r/(-3))/6) + 0. Let d(t) = 48*t + 14. What is the hundreds digit of d(g)?
1
Let c(t) = -22*t**2 - 8*t - 12. Let u be c(8). Let j = -815 - u. What is the units digit of j?
9
Let k be 0/(1 + -3) + 171/3. Let l = k + -56. What is the units digit of (10/10)/(l/37)?
7
Let o = 0 + 0. Let g(r) = -r**2 - 3 - r + o*r**2 - 1 + 3*r**2. What is the tens digit of g(11)?
2
Suppose -1795 = 4*a + 5*x, 0*x + 448 = -a - 2*x. Let l be a/24*16/(-3). Suppose v - 22 = l. What is the hundreds digit of v?
1
Suppose -5*q = 3*n + 49, n - 4*n - 4*q = 44. Let p be (n + 7)/(2/(-72))*3. Let b = 14 + p. What is the tens digit of b?
2
Suppose -2*m - 3*s = -23243, 30*s = 56*m - 51*m - 57770. What is the hundreds digit of m?
6
Suppose 0*y + 119 = q - y, 5*q + 5*y - 575 = 0. Suppose 4*i - q = -21. What is the units digit of (24/9)/(8/i)?
8
Suppose -3*h = m - 764, -4*h + h + 3796 = 5*m. Suppose -5*p = -3*p + 2*y - m, -4*p - 2*y + 1524 = 0. What is the units digit of p?
3
Suppose -s - 32*i + 27*i + 28739 = 0, 0 = -2*s - 5*i + 57493. What is the ten thousands digit of s?
2
What is the tens digit of ((-33)/(-9))/(6/5796)?
4
Let q(h) = -h**3 + 3*h**2 - 60*h - 469. What is the units digit of q(-17)?
1
Let g(b) = 119*b**3 - 12*b**2 + 19*b + 2. Let f be g(2). Let j = f - 514. What is the units digit of j?
0
Let s be (-1)/12*-2 + 11/6. Suppose -s*f + 3 - 2 = l, 2*f = l - 1. Suppose f*d + 3*h = 4*d - 996, d + 4*h - 249 = 0. What is the hundreds digit of d?
2
Suppose -9*t + 330202 + 154952 = 0. What is the tens digit of t?
0
Let v(b) = 47*b + 35. Suppose 2*a + a - 6 = 0, 5*s = -4*a + 178. Let c(r) = 8*r + 6. Let u(o) = s*c(o) - 6*v(o). What is the tens digit of u(-2)?
1
Let m(j) = j**2 - 7*j + 18. Let i be m(7). Let o(n) = -n**3 + 22*n**2 - 30*n - 14. What is the hundreds digit of o(i)?
7
Suppose 4*b - 63 = -3*b. Suppose -2*c + b = c. Suppose -2*a + 130 + 97 = -c*n, -3*a = 5*n - 293. What is the units digit of a?
6
Suppose -3*g = 19 - 7, 5*r - g = 2774. Suppose 2*s - o = -6*o + r, -2*s + 3*o + 538 = 0. What is the hundreds digit of s?
2
Let c = -42 + 48. Let r be ((-10)/c - 6/(-9)) + 6. Suppose -4 = -r*b + 296. What is the tens digit of b?
6
Let j = 7849 - 4359. What is the hundreds digit of j?
4
Let s be 1540 - 1 - -4 - 2. Let l = -175 + s. What is the tens digit of l?
6
Suppose -5*h - 2595 = 5*n, -2619 = 5*h - 11*n + 8*n. Let r = h + 850. What is the units digit of r?
8
Let m = -245 - -1943. What is the hundreds digit of m/4 - 45/30?
4
What is the ten thousands digit of (472/32*(18 + -172))/((-1)/8)?
1
Suppose 3*l - 7*p = 75894, 5*p = -6*l + 5*l + 25254. What is the thousands digit of l?
5
Suppose -5*x + 5*d + 36534 = -106601, 5*d + 10 = 0. What is the hundreds digit of x?
6
Let v = -28 - -30. Suppose -8*q + q = -v*q. Suppose q = 2*c + 68 - 150. What is the units digit of c?
1
Let d = 380 - 377. Suppose d*z - 2686 = -667. What is the tens digit of z?
7
Let c(l) = -7*l**3 - 66*l**2 + 7*l - 41. What is the hundreds digit of c(-16)?
6
Suppose -5*u = 25, 2*r + 3*u = 78 + 33. Suppose -d + 20 = 4*d. Suppose 9*w = t + d*w - 61, t - 4*w = r. What is the units digit of t?
1
Let s(m) = -791*m + 2. Let p(t) = 528*t - 1. Let a(o) = 7*p(o) + 5*s(o). What is the hundreds digit of a(-1)?
2
Let p be 192/(-10) + ((-4)/2)/(-10). Let c(t) = -t**2 - 27*t - 32. What is the hundreds digit of c(p)?
1
Suppose -5*j = 4*f + 4092, 0 = 2*j + 3*j + 2*f + 4096. Let c = -395 - j. What is the tens digit of c?
2
Let p(c) = 129*c**3 - 4 + 5 + 2*c**2 + 58*c**3 + 125*c**3 + 0*c**2 - c. What is the tens digit of p(1)?
1
Suppose -2*z - 47 = -3*a + 47, -5*a = 0. Let n = 127 + z. Suppose -30 = -2*s + n. What is the units digit of s?
5
What is the tens digit of ((-24294)/(-12) - 6)/((-4)/(-8))?
3
Suppose 2*s - 39266 = -2*m, 23*m - 27*m - s + 78517 = 0. What is the tens digit of m?
2
Let d(m) = -59*m - 9 + 15 + 16. What is the hundreds digit of d(-2)?
1
Let x(h) = -31*h**2 - 18*h**3 + 12*h**3 + 4 - 3*h - h + 7*h. What is the units digit of x(-7)?
2
Suppose -5*u = -4450 - 530. Suppose -l - r + u = 0, 5*r + 3402 = 3*l + 446. What is the hundreds digit of l?
9
Let q be (-454)/(-6) - 26/39. Suppose -5*f = c - q, 2*f + 0*c - 30 = 2*c. Let u(m) = -m**2 + 19*m - 17. What is the units digit of u(f)?
3
Let z be (-12 - (-1 - -11))*-2. Suppose -o + 4 = -0*o. Suppose 5*g - o*v = 185, 2*g = 2*v + z + 28. What is the units digit of g?
1
Let n(b) = -5*b + 13. Suppose -2*x = -3*y - y + 6, -5 = x. Let v be -9 - y/2*(-8)/1. What is the units digit of n(v)?
8
Let n = -638 - -646. Suppose 2*q + 10 = 0, 11*q = -f + n*q + 961. What is the tens digit of f?
7
Suppose -4*g - 3586 = -5*k + 443, 0 = 3*g - k + 3008. Let m = -57 - g. What is the tens digit of m?
4
Let v(k) = 5*k - 9*k**2 + 13*k + 20 + 44*k**2 - 11*k**2 - 5*k**2. What is the hundreds digit of v(-5)?
4
Let c(d) = d**2 + 2*d**2 - 25*d + 24*d. Let a be c(1). Suppose a*v - 7*v = -450. What is the units digit of v?
0
Suppose 0 = -8*m - 18*m + 10348. Let d = 22 + m. What is the units digit of d?
0
Let k = -508 - -786. Let c = -93 + k. What is the units digit of c?
5
Let f = 686 + -679. Suppose 0 = -2*k - 5*n + 1062, -f*k = -2*k - 3*n - 2624. What is the tens digit of k?
2
Let t = 65907 + -8381. What is the ten thousands digit of t?
5
Suppose -362610 = -300*n + 282*n. What is the tens digit of n?
4
Let q(a) be the first derivative of 34 + 15/2*a**2 + 12*a. What is the units digit of q(12)?
2
Let s = 20107 - 8872. What is the thousands digit of s?
1
Let v(f) = -9358*f - 4520. What is the tens digit of v(-4)?
1
Suppose 161*y - 305910 = 353284 + 255930. What is the units digit of y?
4
Let p(q) = q**3 - 30*q**2 + 33*q - 34. Let o be p(30). Let u = -444 + o. What is the units digit of u?
2
Let x be -4 + (-12928)/48 + (-2)/(-6). Let a = 654 + x. What is the units digit of a?
1
Suppose -5*b = 3*m - 165, -5*b = -2*m - 152 - 13. Suppose 0 = -5*q + 2*f + 434 - 22, -2*q - 4*f = -160. Let y = q - b. What is the units digit of y?
9
Suppose 0 = -3*s - 5*t + 10998, -3*t + 4275 = -3*s + 15297. What is the units digit of s?
1
Suppose 492 + 2199 = 13*y. Let v = y + -80. What is the units digit of v?
7
Let v(m) = 5430*m + 2256. What is the thousands digit of v(8)?
5
Let b = 23 - 19. What is the units digit of 12/b + (4 - -87)?
4
Suppose 9*p + 3 = -159. Let g(a) = -a**2 - 18*a + 13. Let j be g(p). Suppose z + 299 = 4*u, 2 = -5*z - j. What is the units digit of u?
4
Suppose -20981 - 33468 = -3*g - 5*d, -2*g + 36321 = -d. What is the thousands digit of g?
8
Suppose -2*u + 156 = -5*u. Let h(c) = -c**2 + 21*c - 132. Let n be h(10). Let z = n - u. What is the tens digit of z?
3
Suppose -8157 = -9*b + 4146. Suppose 0 = 8*s + 119 - b. Suppose -22*m + 9*m = -s. What is the units digit of m?
2
Let f be 5 + -4 + -9 - -6. Let o(j) = -81*j**3 + 5*j**2 + 4*j + 1. What is the tens digit of o(f)?
6
Let c = 89 - 88. What is the tens digit of 110/c - (8 + -3)?
0
Let u(g) = 38 + 31 - 51 - 95*g - 32*g. What is the units digit of u(-4)?
6
Let p be -1 - 1/(2/8). Let u(v) = -3 + 10*v**2 - 17*v**3 + 4*v**2 + 6*v - 14*v**2 + 16*v**3. What is the tens digit of u(p)?
9
Let y(s) = 14*s - 26. Let b be y(4). What is the units digit of (-10)/b - 340/(-12)?
8
Let f = 39 + -37. Suppose -f*b + 7 = -3. Suppose 76 = b*m - 4*z, 2*m + 3*z + 0*z = 12. What is the tens digit of m?
1
Suppose 29*a - 423679 = -a - 13*a. What is the tens digit of a?
5
Let q(o) = 210*o + 16068. What is the ten thousands digit of q(45)?
2
Let k(m) = -10*m + 7. Let o(n) = -n**3 - n**2 - n. Let r(g) = g**3 + 2*g**2 + 6*g - 5. Let p(c) = 2*o(c) + r(c). Let l be p(2). What is the units digit of k(l)?
7
Let d(n) = -3*n**3 - 6*n**2 - 8*n - 19. Let a = -260 - -255. What is the hundreds digit of d(a)?
2
Let z(p) be the first derivative of 191*p**4/24 - 5*p**3/6 + 7*p**2/2 - 33. Let t(y) be the second derivative of z(y). What is the te